factor of 1077?
False
Does 57 divide 285?
True
Is 46 a factor of 2116?
True
Does 64 divide 1733?
False
Is 138 a multiple of 2?
True
Does 23 divide 1482?
False
Does 30 divide 5490?
True
Is 11 a factor of 455?
False
Is 102 a factor of 48423?
False
Is 54 a factor of 47701?
False
Is 65 a factor of 1820?
True
Does 89 divide 3293?
True
Does 15 divide 2595?
True
Is 9 a factor of 5521?
False
Is 468 a multiple of 25?
False
Is 5814 a multiple of 17?
True
Is 10676 a multiple of 157?
True
Does 44 divide 10780?
True
Is 2978 a multiple of 16?
False
Is 13 a factor of 6747?
True
Is 2925 a multiple of 9?
True
Is 8 a factor of 200?
True
Is 11338 a multiple of 48?
False
Does 92 divide 143?
False
Is 6 a factor of 118?
False
Does 68 divide 3604?
True
Is 1404 a multiple of 21?
False
Does 49 divide 4969?
False
Does 31 divide 3224?
True
Does 13 divide 119?
False
Does 6 divide 173?
False
Does 57 divide 2679?
True
Is 1940 a multiple of 20?
True
Does 78 divide 130?
False
Is 1183 a multiple of 13?
True
Does 12 divide 783?
False
Does 7 divide 259?
True
Is 12 a factor of 7512?
True
Does 62 divide 484?
False
Does 6 divide 816?
True
Is 74 a factor of 15318?
True
Does 194 divide 13192?
True
Is 4 a factor of 37?
False
Does 9 divide 41067?
True
Is 834 a multiple of 6?
True
Does 13 divide 121?
False
Is 20290 a multiple of 98?
False
Does 12 divide 1176?
True
Is 5 a factor of 89530?
True
Does 8 divide 1329?
False
Does 12 divide 1392?
True
Is 34 a factor of 1588?
False
Is 93 a factor of 837?
True
Is 23 a factor of 1311?
True
Does 14 divide 1116?
False
Is 18 a factor of 1114?
False
Is 170 a multiple of 5?
True
Does 59 divide 13501?
False
Is 61 a factor of 28092?
False
Is 728 a multiple of 13?
True
Does 4 divide 16?
True
Is 289 a factor of 44242?
False
Is 6256 a multiple of 17?
True
Is 110253 a multiple of 33?
True
Does 96 divide 25084?
False
Does 14 divide 490?
True
Is 2 a factor of 132?
True
Is 5 a factor of 85?
True
Is 32140 a multiple of 73?
False
Is 604 a multiple of 16?
False
Is 510 a multiple of 4?
False
Does 23 divide 1286?
False
Is 4 a factor of 197?
False
Is 8 a factor of 32?
True
Does 17 divide 3213?
True
Is 184 a factor of 2760?
True
Is 16 a factor of 320?
True
Is 44 a factor of 118888?
True
Is 75 a factor of 616?
False
Is 6075 a multiple of 135?
True
Does 16 divide 288?
True
Is 1705 a multiple of 16?
False
Is 186 a factor of 20088?
True
Is 50 a multiple of 25?
True
Is 32 a factor of 2779?
False
Is 3 a factor of 1241?
False
Is 29 a factor of 3792?
False
Is 22100 a multiple of 260?
True
Does 25 divide 478?
False
Is 17 a factor of 1433?
False
Does 244 divide 2559?
False
Does 14 divide 2632?
True
Is 84 a factor of 1280?
False
Is 12 a factor of 1200?
True
Does 26 divide 22232?
False
Is 18 a factor of 594?
True
Does 30 divide 7170?
True
Is 7647 a multiple of 17?
False
Is 51 a factor of 3142?
False
Does 216 divide 14256?
True
Does 52 divide 364?
True
Is 663 a multiple of 51?
True
Is 8 a factor of 1216?
True
Is 11336 a multiple of 64?
False
Is 58 a multiple of 3?
False
Does 18 divide 684?
True
Is 897 a multiple of 5?
False
Is 4 a factor of 12276?
True
Does 360 divide 18784?
False
Is 1447 a multiple of 6?
False
Is 404 a factor of 15705?
False
Is 19 a factor of 11109?
False
Does 34 divide 23018?
True
Is 4 a factor of 14248?
True
Does 6 divide 648?
True
Does 22 divide 2412?
False
Does 26 divide 260?
True
Does 10 divide 10590?
True
Does 19 divide 133?
True
Does 36 divide 1080?
True
Is 71 a factor of 20329?
False
Is 58 a factor of 27086?
True
Is 8 a factor of 247?
False
Is 2781 a multiple of 17?
False
Is 441 a multiple of 21?
True
Is 24947 a multiple of 193?
False
Is 129 a factor of 6070?
False
Is 24234 a multiple of 21?
True
Does 72 divide 18000?
True
Is 2626 a multiple of 13?
True
Is 11 a factor of 165?
True
Does 27 divide 48091?
False
Is 1843 a multiple of 5?
False
Is 256 a multiple of 58?
False
Does 10 divide 470?
True
Is 416 a multiple of 10?
False
Is 7 a factor of 1246?
True
Is 30 a factor of 46035?
False
Is 53 a factor of 12296?
True
Does 9 divide 2160?
True
Does 88 divide 3347?
False
Is 4395 a multiple of 17?
False
Does 12 divide 3833?
False
Does 106 divide 21094?
True
Is 5373 a multiple of 86?
False
Is 9 a factor of 5667?
False
Does 25 divide 4373?
False
Is 26898 a multiple of 28?
False
Is 65 a factor of 10660?
True
Is 64 a factor of 6919?
False
Is 106 a factor of 6360?
True
Does 26 divide 4628?
True
Does 5 divide 4293?
False
Is 96740 a multiple of 70?
True
Is 4230 a multiple of 7?
False
Does 4 divide 884?
True
Is 18 a factor of 22014?
True
Does 14 divide 1330?
True
Is 52 a factor of 1144?
True
Does 5 divide 735?
True
Is 17 a factor of 833?
True
Does 10 divide 216?
False
Is 37440 a multiple of 12?
True
Does 10 divide 13360?
True
Is 210 a multiple of 19?
False
Does 76 divide 194?
False
Does 12 divide 8256?
True
Does 7 divide 1138?
False
Is 3358 a multiple of 15?
False
Does 25 divide 2950?
True
Is 1193 a multiple of 56?
False
Is 1546 a multiple of 15?
False
Is 44 a factor of 880?
True
Is 4 a factor of 30451?
False
Is 320 a multiple of 8?
True
Is 21 a factor of 21462?
True
Does 271 divide 47767?
False
Is 75 a factor of 2701?
False
Does 13 divide 1599?
True
Does 17 divide 89148?
True
Is 23 a factor of 8521?
False
Does 3 divide 96?
True
Is 36204 a multiple of 12?
True
Is 97 a factor of 1623?
False
Is 19 a factor of 5263?
True
Is 11 a factor of 6306?
False
Is 6727 a multiple of 20?
False
Does 13 divide 1040?
True
Is 17410 a multiple of 10?
True
Is 34 a factor of 8249?
False
Is 48540 a multiple of 20?
True
Is 86 a factor of 8772?
True
Is 6 a factor of 1255?
False
Is 51 a multiple of 3?
True
Does 10 divide 1435?
False
Does 34 divide 5894?
False
Does 2 divide 5326?
True
Does 36 divide 5008?
False
Does 122 divide 24273?
False
Is 18 a factor of 7902?
True
Is 1890 a multiple of 18?
True
Is 35 a factor of 10577?
False
Does 9 divide 612?
True
Is 175 a factor of 32773?
False
Does 11 divide 1738?
True
Is 8 a factor of 5232?
True
Is 3348 a multiple of 66?
False
Is 4 a factor of 1024?
True
Is 80 a multiple of 5?
True
Does 10 divide 36480?
True
Is 69 a factor of 30153?
True
Does 160 divide 42047?
False
Does 215 divide 6665?
True
Is 1292 a multiple of 24?
False
Does 76 divide 9022?
False
Does 11 divide 1012?
True
Does 106 divide 2605?
False
Is 14 a factor of 87?
False
Is 15444 a multiple of 33?
True
Is 24 a factor of 7518?
False
Is 83 a factor of 498?
True
Is 1430 a multiple of 13?
True
Is 9600 a multiple of 48?
True
Is 288 a multiple of 8?
True
Is 333 a multiple of 9?
True
Is 22528 a multiple of 32?
True
Is 15652 a multiple of 52?
True
Does 20 divide 2905?
False
Is 94 a factor of 9071?
False
Is 33 a factor of 4405?
False
Does 8 divide 792?
True
Is 162 a multiple of 18?
True
Is 17 a factor of 60928?
True
Does 19 divide 247?
True
Is 50806 a multiple of 14?
True
Does 206 divide 921?
False
Is 2484 a multiple of 94?
False
Does 3 divide 11508?
True
Is 12 a factor of 108?
True
Is 960 a multiple of 32?
True
Is 5 a factor of 476?
False
Is 9 a factor of 7632?
True
Is 23220 a multiple of 15?
True
Does 9 divide 756?
True
Is 24 a factor of 1872?
True
Is 45192 a multiple of 24?
True
Is 248 a multiple of 16?
False
Is 684 a multiple of 101?
False
Does 17 divide 425?
True
Does 8 divide 1544?
True
Is 11 a factor of 3008?
False
Is 60576 a multiple of 48?
True
Does 16 divide 1894?
False
Is 14 a factor of 36968?
False
Does 112 divide 65497?
False
Does 15 divide 60?
True
Does 38 divide 988?
True
Is 42 a factor of 4200?
True
Is 538 a multiple of 5?
False
Does 45 divide 36495?
True
Is 349 a multiple of 8?
False
Is 13 a factor of 676?
True
Is 2952 a multiple of 36?
True
Does 306 divide 5742?
False
Does 40 divide 907?
False
Does 7 divide 2114?
True
Does 25 divide 3202?
False
Does 28 divide 16889?
False
Is 40 a factor of 33547?
False
Does 7 divide 50?
False
Is 210 a multiple of 15?
True
Does 4 divide 40?
True
Does 23 divide 386?
False
Is 18814 a multiple of 46?
True
Is 43 a factor of 31992?
True
Does 7 divide 518?
True
Does 150 divide 9300?
True
Is 140 a factor of 11200?
True
Is 18311 a multiple of 13?
False
Is 8 a factor of 29088?
True
Is 16330 a multiple of 115?
True
Is 4090 a multiple of 51?
False
Is 8 a factor of 211?
False
Does 10 divide 5164?
False
Is 55 a factor of 625?
False
Is 10269 a multiple of 144?
Fals